
8
What is the remainder when 623 is divided by 155?
3
Calculate the remainder when 1399 is divided by 131.
89
What is the remainder when 111 is divided by 30?
21
Calculate the remainder when 222 is divided by 114.
108
What is the remainder when 6675 is divided by 53?
50
Calculate the remainder when 3623 is divided by 29.
27
Calculate the remainder when 2116 is divided by 2100.
16
Calculate the remainder when 215 is divided by 18.
17
Calculate the remainder when 3564 is divided by 41.
38
Calculate the remainder when 253 is divided by 43.
38
Calculate the remainder when 1303 is divided by 29.
27
What is the remainder when 652 is divided by 168?
148
Calculate the remainder when 250 is divided by 79.
13
What is the remainder when 158 is divided by 67?
24
What is the remainder when 2611 is divided by 174?
1
Calculate the remainder when 818 is divided by 92.
82
Calculate the remainder when 207 is divided by 1.
0
Calculate the remainder when 8666 is divided by 81.
80
What is the remainder when 421 is divided by 61?
55
Calculate the remainder when 2978 is divided by 11.
8
What is the remainder when 632 is divided by 279?
74
What is the remainder when 13067 is divided by 5?
2
Calculate the remainder when 297 is divided by 141.
15
What is the remainder when 314 is divided by 9?
8
What is the remainder when 435 is divided by 87?
0
What is the remainder when 44 is divided by 14?
2
Calculate the remainder when 446 is divided by 46.
32
Calculate the remainder when 189 is divided by 53.
30
Calculate the remainder when 2999 is divided by 5.
4
Calculate the remainder when 2410 is divided by 127.
124
Calculate the remainder when 213 is divided by 45.
33
What is the remainder when 435 is divided by 74?
65
What is the remainder when 197 is divided by 103?
94
What is the remainder when 115 is divided by 41?
33
What is the remainder when 348 is divided by 135?
78
Calculate the remainder when 573 is divided by 14.
13
Calculate the remainder when 29 is divided by 8.
5
What is the remainder when 314 is divided by 63?
62
What is the remainder when 766 is divided by 153?
1
Calculate the remainder when 150 is divided by 31.
26
What is the remainder when 48 is divided by 22?
4
What is the remainder when 180 is divided by 27?
18
What is the remainder when 1473 is divided by 36?
33
Calculate the remainder when 131 is divided by 34.
29
What is the remainder when 1067 is divided by 63?
59
Calculate the remainder when 214 is divided by 5.
4
What is the remainder when 2554 is divided by 367?
352
Calculate the remainder when 7702 is divided by 23.
20
Calculate the remainder when 535 is divided by 134.
133
Calculate the remainder when 12152 is divided by 12.
8
Calculate the remainder when 238 is divided by 26.
4
Calculate the remainder when 224 is divided by 12.
8
What is the remainder when 8853 is divided by 161?
159
What is the remainder when 782 is divided by 56?
54
Calculate the remainder when 540 is divided by 32.
28
Calculate the remainder when 60 is divided by 43.
17
Calculate the remainder when 118 is divided by 36.
10
Calculate the remainder when 14066 is divided by 138.
128
Calculate the remainder when 324 is divided by 22.
16
Calculate the remainder when 497 is divided by 164.
5
Calculate the remainder when 1794 is divided by 257.
252
What is the remainder when 1793 is divided by 127?
15
Calculate the remainder when 813 is divided by 37.
36
What is the remainder when 77 is divided by 26?
25
Calculate the remainder when 397 is divided by 8.
5
What is the remainder when 37177 is divided by 52?
49
What is the remainder when 673 is divided by 45?
43
Calculate the remainder when 604 is divided by 55.
54
Calculate the remainder when 51 is divided by 18.
15
What is the remainder when 2656 is divided by 23?
11
What is the remainder when 12 is divided by 2?
0
What is the remainder when 8056 is divided by 278?
272
What is the remainder when 148 is divided by 30?
28
Calculate the remainder when 409 is divided by 7.
3
Calculate the remainder when 241 is divided by 90.
61
Calculate the remainder when 25 is divided by 12.
1
Calculate the remainder when 3624 is divided by 98.
96
Calculate the remainder when 467 is divided by 9.
8
What is the remainder when 718 is divided by 230?
28
What is the remainder when 1554 is divided by 1544?
10
Calculate the remainder when 123 is divided by 3.
0
Calculate the remainder when 39 is divided by 32.
7
Calculate the remainder when 664 is divided by 5.
4
Calculate the remainder when 1140 is divided by 290.
270
What is the remainder when 342 is divided by 37?
9
Calculate the remainder when 74 is divided by 22.
8
Calculate the remainder when 129 is divided by 68.
61
What is the remainder when 427 is divided by 141?
4
What is the remainder when 2942 is divided by 196?
2
Calculate the remainder when 49 is divided by 18.
13
Calculate the remainder when 485 is divided by 60.
5
Calculate the remainder when 267 is divided by 252.
15
What is the remainder when 2293 is divided by 145?
118
What is the remainder when 791 is divided by 113?
0
What is the remainder when 681 is divided by 350?
331
Calculate the remainder when 232 is divided by 9.
7
What is the remainder when 131 is divided by 49?
33
What is the remainder when 65 is divided by 18?
11
Calculate the remainder when 33 is divided by 18.
15
Calculate the remainder when 123 is divided by 114.
9
What is the remainder when 95 is divided by 48?
47
What is the remainder when 152 is divided by 9?
8
Calculate the remainder when 150 is divided by 80.
70
Calculate the remainder when 2556 is divided by 320.
316
What is the remainder when 2168 is divided by 25?
18
Calculate the remainder when 1495 is divided by 188.
179
What is the remainder when 995 is divided by 166?
165
What is the remainder when 157 is divided by 16?
13
Calculate the remainder when 13498 is divided by 250.
248
Calculate the remainder when 95 is divided by 52.
43
Calculate the remainder when 12879 is divided by 28.
27
Calculate the remainder when 614 is divided by 14.
12
What is the remainder when 1779 is divided by 15?
9
Calculate the remainder when 870 is divided by 46.
42
What is the remainder when 6315 is divided by 26?
23
Calculate the remainder when 570 is divided by 70.
10
What is the remainder when 34437 is divided by 140?
137
What is the remainder when 1329 is divided by 14?
13
Calculate the remainder when 1651 is divided by 499.
154
Calculate the remainder when 1442 is divided by 29.
21
Calculate the remainder when 236 is divided by 16.
12
What is the remainder when 445 is divided by 375?
70
What is the remainder when 35493 is divided by 72?
69
What is the remainder when 407 is divided by 24?
23
What is the remainder when 92 is divided by 30?
2
What is the remainder when 4551 is divided by 207?
204
Calculate the remainder when 39 is divided by 22.
17
Calculate the remainder when 482 is divided by 32.
2
Calculate the remainder when 308 is divided by 37.
12
Calculate the remainder when 576 is divided by 19.
6
Calculate the remainder when 1555 is divided by 4.
3
What is the remainder when 8136 is divided by 103?
102
Calculate the remainder when 224 is divided by 47.
36
Calculate the remainder when 477 is divided by 161.
155
What is the remainder when 922 is divided by 13?
12
Calculate the remainder when 1209 is divided by 10.
9
Calculate the remainder when 937 is divided by 63.
55
Calculate the remainder when 2265 is divided by 82.
51
Calculate the remainder when 369 is divided by 11.
6
What is the remainder when 103 is divided by 53?
50
What is the remainder when 3010 is divided by 22?
18
What is the remainder when 1276 is divided by 9?
7
What is the remainder when 561 is divided by 79?
8
What is the remainder when 799 is divided by 3?
1
What is the remainder when 202 is divided by 7?
6
What is the remainder when 136 is divided by 37?
25
Calculate the remainder when 444 is divided by 76.
64
What is the remainder when 319 is divided by 81?
76
Calculate the remainder when 348 is divided by 116.
0
What is the remainder when 397 is divided by 145?
107
What is the remainder when 6040 is divided by 24?
16
What is the remainder when 445 is divided by 34?
3
What is the remainder when 389 is divided by 132?
125
Calculate the remainder when